 q + 3*q - 9. Let u be (b + -5)*2/(-4). What is the units digit of ((-2)/5)/(u/(-10))?
4
Let t = 242 - 95. What is the tens digit of t?
4
Let n(h) = -3*h - 12. Let f be n(-8). Suppose -5*x + b + 27 = 2*b, 3*x - f = -2*b. What is the units digit of (x/5)/(4/20)?
6
Let x(y) be the second derivative of -y**3/6 - 2*y**2 + 2*y. Let p be x(-5). What is the units digit of ((-1)/3)/(p/(-33))?
1
Suppose -4*s = -5*s + 54. What is the units digit of s?
4
Let f be (-6)/(-30) - 342/10. Let c = -10 - f. What is the tens digit of c?
2
Let b be (-3)/(24/(-236))*2. Suppose -b = -4*j + 93. What is the tens digit of j?
3
Let w = 55 - 28. What is the units digit of w?
7
Let z = 4 - -1. Let k(j) = 3*j**2 - 5*j + 4. Let d be k(4). Suppose s - 17 = -z*b, 4*s = 5*b - 0*s - d. What is the units digit of b?
4
Let m(p) = -12*p**3 + 3*p**2 - p - 3. What is the tens digit of m(-2)?
0
Let c(a) = -8*a - 3. Let v be c(-3). What is the tens digit of v/(-2)*(-8)/6?
1
Suppose 2*b = -5*b + 203. What is the units digit of b?
9
Let r(s) = s**3 - 8*s**2 + 9*s + 9. Let b(k) = -2*k**3 + 17*k**2 - 18*k - 18. Let x(u) = 3*b(u) + 5*r(u). What is the units digit of x(10)?
1
Let q be 1/(-1)*(1 + -2). Suppose -5*t = -4*x + 40, -4*t - q = -2*x + 13. Let b = 29 - x. What is the units digit of b?
4
Suppose -2*z - 3*f + 94 = 0, -5*z + 235 = -7*f + 2*f. What is the tens digit of z?
4
Let a = 103 + -72. What is the units digit of a?
1
Suppose -4*w - 5*m = -418, -300 = -3*w - 3*m + 6*m. Suppose 2*p = -2, 0 = -4*l + 2*p - 0*p + w. Let u = l + -15. What is the units digit of u?
0
Let j = 48 - 30. What is the tens digit of j?
1
Let l be 2 + 0 + 0 + -68. What is the tens digit of l/4*(-10)/15?
1
Suppose 0 = -3*s - 9, 0*s = 5*i + 3*s - 6. Suppose -1 = o - i. Suppose 4*n - 4 = -2*q, 4 = -0*q - o*q. What is the units digit of n?
2
Suppose 2*j - 3*q = -20, 2*q + 0*q = j + 12. Let a = -4 - j. Suppose a = -6*c + 3*c + 18. What is the units digit of c?
6
Suppose -5*i + 3*w + 304 = 0, -244 = -0*i - 4*i + 2*w. What is the units digit of i?
2
Suppose -q + f = 0, q - 4*q - 3*f = -18. Let p = -21 - -36. What is the units digit of -5*((-69)/p + q)?
8
Suppose -5 = -s - y, 55 = 5*s - 0*y - 5*y. Suppose -3*v - s = -23. Let t = 12 - v. What is the units digit of t?
7
Let c = -2 - -4. Suppose 2*u - 6*u - c*l + 26 = 0, 4*u = -4*l + 28. Suppose u*b - 32 = 2*b. What is the units digit of b?
8
Let w = 51 - 25. What is the units digit of w?
6
Let r(d) be the second derivative of d**3/6 - 2*d**2 + d. Let a be r(3). What is the units digit of a - -5 - (-1 - -1)?
4
Let n(u) = -u**3 - 2*u**2 - 4*u. Let b be n(-4). Let c(r) = 16*r + 1. Let o be c(2). Let x = b - o. What is the tens digit of x?
1
Let a(b) = -3*b**3 - b**2 + 4*b - 26. Let q(u) = u**3 - u + 9. Let t(j) = -4*a(j) - 11*q(j). What is the units digit of t(-5)?
5
What is the tens digit of (-3)/(206/212 + -1)?
0
Let o be (6/(-4))/((-2)/4). Suppose -o*p = -4*p + 17. What is the tens digit of p?
1
Let j(u) = u**3 - 15*u**2 + 20*u + 12. What is the units digit of j(14)?
6
Let j(i) = 38*i - 10. What is the units digit of j(2)?
6
Suppose 4*o - 8*o = 0. Suppose 0 = -5*q - o*q - 10. What is the units digit of (-1 + q)*(-10)/15?
2
Suppose 0 = 7*f - 2*f - 205. What is the tens digit of f?
4
What is the units digit of (2/(-6))/((-1)/135)?
5
Suppose -21 = -5*x - 1. Suppose -x*m - 21 = -125. What is the units digit of m?
6
Suppose 32 = -5*l + 277. What is the units digit of l?
9
Let q be (-1 + -21)*4/(-4). Let z = q - 7. What is the units digit of z?
5
Let u = 9 - 14. Suppose -4*m = 5*c + 97, -2*c - 2*m - 31 = -3*m. Let a = u - c. What is the tens digit of a?
1
Suppose 1 = -q - 4. Let p be -2*q/2 + 0. Suppose p = s + 3. What is the units digit of s?
2
Let b = 4 - -9. What is the tens digit of b?
1
Suppose -11*a = -7*a - 904. What is the units digit of a?
6
Suppose -63*c + 58*c = -860. What is the units digit of c?
2
Suppose 0 = -5*m + 2*p + 1301, -3*m + 4*p + 63 = -726. What is the hundreds digit of m?
2
What is the units digit of ((-14)/(-4) + 6)/((-1)/(-32))?
4
What is the units digit of (6 + -1)/(4 - 3)?
5
Let f = 1 + 8. Suppose 3*i + 14 = -4*c - 17, 2*i + 20 = -2*c. Let g = f - i. What is the tens digit of g?
1
Suppose a - 15 = 5*j, 0 + 13 = -a - 2*j. Let o = a + 9. Let d(v) = v**3 - 5*v**2 + 5*v. What is the units digit of d(o)?
4
Let f be 1/((-1)/1) + 2. Suppose -f = -2*r + 7. Suppose -5*j = -2*i + 29, 0 = -i - j - r + 1. What is the units digit of i?
2
Suppose 3*s = 7 + 5. Suppose -s*p + 5*p - 3 = 0. What is the units digit of p?
3
Let t be 57/((2/2)/1). Suppose -2*p = -10 + 6. What is the units digit of p/(-4) + t/6?
9
What is the tens digit of 13 - -4*2/4?
1
Suppose -4*j + 4*x + 13 - 45 = 0, -j - 3*x = 12. Suppose 0 = -5*n - 0*n - 15. What is the units digit of (-1 + (-6)/j)*n?
1
Let y(g) = -2*g**2 + 3*g - 1. Let z = -1 - -3. Let k be y(z). Let h(q) = q**2 + q. What is the units digit of h(k)?
6
Suppose 0 = -0*d - 2*d + 300. Suppose 2*k - 5*g - d = 0, g - 321 = -2*k - 3*k. Suppose 5*h - 35 = -5*o + k, 5*h = 15. What is the tens digit of o?
1
Let b = -21 + 21. Suppose 5*w + 164 = -b*k + 4*k, k - 3*w = 41. What is the tens digit of k?
4
Suppose 4 = 2*j, -j - 4 - 70 = -4*f. Suppose p - f = 7. What is the tens digit of p?
2
Suppose -4*t + 6*t = 82. What is the units digit of t?
1
Suppose 4 = c - 1. Suppose -48 = -c*j + 57. What is the tens digit of j?
2
Let n = 12 - 7. Suppose -25 = 4*w - 2*f + f, -w + n*f - 11 = 0. What is the units digit of (4/w)/(2/(-15))?
5
Suppose 3*n = 3 - 0. Suppose -t = n - 6. What is the units digit of t?
5
Suppose -3*b + 27 = -5*f, 2*b + 3*b - 32 = 4*f. Suppose b*u = 26 + 54. What is the tens digit of u?
2
Let s = 48 + -29. What is the units digit of s?
9
Let p(u) = 8*u**2 - 6*u + 6. What is the units digit of p(3)?
0
Let z be 1 + -8 + 0/8. Let u = 1 - z. What is the units digit of u?
8
Let t(p) = p**2 + 6*p + 6. Let a be t(-5). What is the units digit of 123/a*2/6?
1
Let d(k) = k - 3. Suppose w = -3*w + 36. Suppose x - w = -0*x. What is the units digit of d(x)?
6
What is the tens digit of 3/(-5)*-5 - (-294)/1?
9
Let z = -15 + 21. Let v be z - 0/(1 + 2). Let u = 17 - v. What is the tens digit of u?
1
Let t(c) be the first derivative of -3*c**4/4 - c**2/2 - c + 5. Let p be (2/6)/(1/(-3)). What is the units digit of t(p)?
3
Suppose 4*t + 2*o = 5*o, -5*t = 4*o. Suppose t*y - 3*y = -42. Suppose 2*z - 4*x + 0 + 2 = 0, 0 = z + 3*x - y. What is the units digit of z?
5
Let i(s) = s - 5. Let t be i(10). Suppose 96 = t*o - o. What is the tens digit of o?
2
Let b = -22 + 30. What is the units digit of b?
8
Let g(x) be the third derivative of -x**4/24 - x**3/3 + x**2. Let z be (2 - 1)/(-1) - 4. What is the units digit of g(z)?
3
Let d = 306 + -206. What is the hundreds digit of d?
1
Suppose 3*a + i + 12 = 0, a - 5*i = 3*a + 21. Let w = a - -7. What is the units digit of w?
4
Suppose -3*l - 54 = 3*p, 0*p + 2*p = 5*l - 36. Let u = p + 33. What is the tens digit of u?
1
Suppose 7*k - 1024 - 1524 = 0. What is the tens digit of k?
6
Let u be 3/(-3) + 4 - 1. Suppose u*f = 36 + 12. What is the tens digit of f?
2
Suppose 5*o - 809 = 261. What is the tens digit of o?
1
Suppose 0*w - 6 = 5*a + 2*w, a + 6 = -2*w. Suppose a = -4*n + 24 + 16. What is the units digit of n?
0
Let x(n) = 5*n + 19. Let j be x(-6). Let u(c) = -c**3 + 6*c**2 + 3*c + 1. Let i be u(6). Let f = i + j. What is the units digit of f?
8
Let x = 9 - 5. Suppose -3*a = 3, -x*p - 2*a = p - 73. What is the units digit of p?
5
Let g(z) be the second derivative of -7/2*z**2 + 5/12*z**4 + 0 + 1/20*z**5 + z - 1/3*z**3. What is the units digit of g(-5)?
3
Let m be 216/99 + 4/(-22). What is the tens digit of 102/4 + m/4?
2
Suppose 10*v - 18*v + 1424 = 0. What is the tens digit of v?
7
Suppose -2493 = -6*i - 3*i. What is the hundreds digit of i?
2
What is the units digit of (-3*4)/(-3) - -6?
0
Suppose 3*p - 515 = -2*r - 171, 0 = -2*r + 4*p + 344. What is the tens digit of r?
7
Suppose -p - 13 = 9. Suppose -3*k + 18 = -4*o, o = -0*o - 4*k - 14. What is the units digit of p/o - (-2)/(-3)?
3
Suppose 4*o + 0*q - q = 282, 0 = o - q - 72. What is the units digit of o?
0
Let f(r) = -r**3 + 5*r**2 - 2. Let d be f(4). Let i = d - 2. What is the tens digit of i?
1
Let g = 412 - 289. What is the units digit of g?
3
Suppos